{"id":19,"date":"2016-04-27T23:03:09","date_gmt":"2016-04-27T20:03:09","guid":{"rendered":"http:\/\/www.normvalves.com\/cagiral\/wordpress\/?page_id=19"},"modified":"2022-04-19T22:22:48","modified_gmt":"2022-04-19T19:22:48","slug":"uretim","status":"publish","type":"page","link":"https:\/\/www.cagiralmakina.com\/?page_id=19","title":{"rendered":"\u00dcretim"},"content":{"rendered":"<p>\u00c7A\u011eIRAL MAK\u0130NA\u2019da, fabrikalara her t\u00fcrl\u00fc tala\u015fl\u0131 imalat i\u015fleri, Hortum ba\u011flant\u0131 rekorlar\u0131, nipelleri ( 3\/8\u201d \u00bd\u201d \u00bc\u201d 1 \u00bd\u201d ) ba\u011flant\u0131 man\u015fonlar\u0131, saplamalar, pimler, red\u00fcksiyonlar (1\/2\u201d 1\u201d 1 \u00bc\u201d 1 \u00bd\u201d\u2026) ile \u00c7imento fabrikalar\u0131na y\u00f6nelik merdane, makara imalatlar\u0131 yap\u0131lmaktad\u0131r.<br \/>\nAyr\u0131ca\u00a0 \u00fcretim portf\u00f6y\u00fcm\u00fczde in\u015faat sekt\u00f6r\u00fcnde i\u00e7in uzay \u00e7at\u0131 ba\u011flant\u0131 elemanlar\u0131, k\u00fcreler, adapt\u00f6r \u00e7e\u015fitleri bulunmaktad\u0131r.<\/p>\n<p>T\u00fcrkiye d\u0131\u015f\u0131nda yurtd\u0131\u015f\u0131na da \u00e7al\u0131\u015fmalar yapan \u00c7A\u011eIRAL MAK\u0130NA, \u00f6zellikle firmas\u0131na do\u011fal gaz , yer alt\u0131 vanas\u0131 \u00fcretimi ve di\u011fer ihtiya\u00e7 duyduklar\u0131 her t\u00fcrl\u00fc tala\u015fl\u0131 imalatlar\u0131n\u0131 \u201cana tedarik\u00e7i\u201d s\u0131fat\u0131yla ger\u00e7ekle\u015ftirmektedir.<\/p>\n<p>Bilgilerinize sundu\u011fumuz bu k\u0131sa tan\u0131t\u0131m yaz\u0131s\u0131 ile firmam\u0131z \u00c7A\u011eIRAL MAK\u0130NA hakk\u0131nda fikir sahibi olaca\u011f\u0131n\u0131z\u0131 \u00fcmit ediyoruz. Bu itibarla da birlikte \u00e7al\u0131\u015fma olana\u011f\u0131 bulaca\u011f\u0131m\u0131z inanc\u0131n\u0131 ta\u015f\u0131maktay\u0131z.<br \/>\n1987 y\u0131l\u0131nda \u0130zmir\u2019de kurulan \u00c7A\u011eIRAL MAK\u0130NA\u2019da, i\u015fimize duydu\u011fumuz sayg\u0131 ve \u00e7al\u0131\u015fmalar\u0131m\u0131zdaki titizlik sebebiyle m\u00fc\u015fterilerimize en iyi hizmet verebilmek, kalitesiyle sa\u011flam ve d\u00fc\u015f\u00fck maliyetli i\u015f \u00e7\u0131karmak temel prensiplerimizdendir. En kaliteli hizmeti en ekonomik ko\u015fullarda sunarak, m\u00fc\u015fteri memnuniyetini kazanmay\u0131 ilke edinen \u00c7A\u011eIRAL MAK\u0130NA, uzman kadrosu ile firmalar\u0131n taleplerine cevap vermektedir. H\u0131z ve kaliteyi ilke edinerek yola \u00e7\u0131kan \u00c7A\u011eIRAL MAK\u0130NA , faaliyette bulundu\u011fu ,CNC i\u015flem merkezleri ,\u00fcniversal tornalar ,kumlama, CNC torna tezgahlar\u0131, paketleme ve yurt i\u00e7i ve yurt d\u0131\u015f\u0131 lojistik operasyonlar\u0131n\u0131 da kapsamaktad\u0131r.<br \/>\nOrta \u00f6l\u00e7ekli bir i\u015fletme olmas\u0131na ra\u011fmen kuruldu\u011fu ilk andan itibaren kaliteye verdi\u011fi \u00f6nem ve zoru ba\u015farma azmi sayesinde k\u0131sa s\u00fcrede TALA\u015eLI \u0130MALAT sekt\u00f6r\u00fcnde tan\u0131nm\u0131\u015f ve bu ilkelerinden asla vazge\u00e7memi\u015ftir.<\/p>\n","protected":false},"excerpt":{"rendered":"<p>\u00c7A\u011eIRAL MAK\u0130NA\u2019da, fabrikalara her t\u00fcrl\u00fc tala\u015fl\u0131 imalat i\u015fleri, Hortum ba\u011flant\u0131 rekorlar\u0131, nipelleri ( 3\/8\u201d \u00bd\u201d \u00bc\u201d 1 \u00bd\u201d ) ba\u011flant\u0131 man\u015fonlar\u0131, saplamalar, pimler, red\u00fcksiyonlar (1\/2\u201d 1\u201d 1 \u00bc\u201d 1 \u00bd\u201d\u2026) ile \u00c7imento fabrikalar\u0131na y\u00f6nelik merdane, makara imalatlar\u0131 yap\u0131lmaktad\u0131r. Ayr\u0131ca\u00a0 \u00fcretim portf\u00f6y\u00fcm\u00fczde in\u015faat sekt\u00f6r\u00fcnde i\u00e7in uzay \u00e7at\u0131 ba\u011flant\u0131 elemanlar\u0131, k\u00fcreler, adapt\u00f6r \u00e7e\u015fitleri bulunmaktad\u0131r. T\u00fcrkiye d\u0131\u015f\u0131nda yurtd\u0131\u015f\u0131na [&hellip;]<\/p>\n","protected":false},"author":1,"featured_media":0,"parent":0,"menu_order":0,"comment_status":"open","ping_status":"open","template":"","meta":{"footnotes":""},"class_list":["post-19","page","type-page","status-publish","hentry"],"_links":{"self":[{"href":"https:\/\/www.cagiralmakina.com\/index.php?rest_route=\/wp\/v2\/pages\/19","targetHints":{"allow":["GET"]}}],"collection":[{"href":"https:\/\/www.cagiralmakina.com\/index.php?rest_route=\/wp\/v2\/pages"}],"about":[{"href":"https:\/\/www.cagiralmakina.com\/index.php?rest_route=\/wp\/v2\/types\/page"}],"author":[{"embeddable":true,"href":"https:\/\/www.cagiralmakina.com\/index.php?rest_route=\/wp\/v2\/users\/1"}],"replies":[{"embeddable":true,"href":"https:\/\/www.cagiralmakina.com\/index.php?rest_route=%2Fwp%2Fv2%2Fcomments&post=19"}],"version-history":[{"count":4,"href":"https:\/\/www.cagiralmakina.com\/index.php?rest_route=\/wp\/v2\/pages\/19\/revisions"}],"predecessor-version":[{"id":595,"href":"https:\/\/www.cagiralmakina.com\/index.php?rest_route=\/wp\/v2\/pages\/19\/revisions\/595"}],"wp:attachment":[{"href":"https:\/\/www.cagiralmakina.com\/index.php?rest_route=%2Fwp%2Fv2%2Fmedia&parent=19"}],"curies":[{"name":"wp","href":"https:\/\/api.w.org\/{rel}","templated":true}]}}